+ 3 + a - 3*a + a**3 + a**2. Let f(d) = -d. Let g(u) = 10*u - 5. Let z(w) = 18*f(w) + 2*g(w). Let l be z(3). Determine c(l).
2
Let w(z) be the first derivative of z**2 + 14*z - 171. Calculate w(-9).
-4
Let r(q) = -q**3 + 3*q**2 + 4*q - 3. Suppose -39*p + 100 = -14*p. Determine r(p).
-3
Let b(z) = -91*z - 91*z - 5 - z**2 + 172*z. Determine b(-10).
-5
Let j(t) = -5. Let n(o) = -1. Let v(i) = 2*j(i) - 9*n(i). Let y(h) = -h - 14. Let m(s) = 3*v(s) - y(s). Give m(-11).
0
Let k(i) be the second derivative of i**5/20 - 5*i**4/6 + 7*i**2 + i - 87. Let b(n) = -11*n - 1. Let w be b(-1). Give k(w).
14
Let n(j) be the first derivative of 13*j - 1/3*j**3 - 2 - 1/2*j**2. Let o(b) be the first derivative of n(b). Give o(6).
-13
Let i(g) be the second derivative of -g**7/840 - g**6/90 - g**5/120 + g**4/6 - 11*g**3/3 - 11*g. Let b(d) be the second derivative of i(d). What is b(-4)?
8
Let b(i) = -2*i. Let o be b(-2). Suppose -j + 14 = 2*j - 4*z, 0 = 3*j + 5*z + 4. Let h(u) = u - j - u + 0 + u. Calculate h(o).
2
Let k be 2/(2/(-3)) + (13 - 9). Suppose k = 4*q - 11. Let l(a) = -a**3 + 3*a**2 + 3*a - 1. Calculate l(q).
8
Let j(h) be the third derivative of -h**4/24 + 18*h**2 - 4. Calculate j(11).
-11
Suppose c + 14 = 3*n - 2, -2*n + 6 = 4*c. Let v(h) = 32*h + 3. Determine v(c).
-29
Suppose -5*i - 5*d = 10, -5*i - 14 = -d + 20. Let o(x) = -70 + 71 + 2*x - x. Give o(i).
-5
Let a(k) = 5*k - 14. Let b be a(4). Suppose -b*l + 11*l = 20. Let j(p) = -p**2 + 4*p + 5. Calculate j(l).
5
Suppose 3 - 11 = -4*g. Let o = 26 - 22. Let r(l) = -3*l + 4 - 2 + l - o*l**2 + l**2. Give r(g).
-14
Suppose 21*k = -50 + 50. Let x(u) be the third derivative of u**5/60 + u**4/24 - 5*u**3/6 + u**2. Determine x(k).
-5
Suppose -4*x - 3*w = -7*w - 8, 0 = -4*x + 5*w + 11. Let q(i) = 12*i + 9. Give q(x).
-3
Let y(c) be the second derivative of -c**3/3 - c**2 + 5*c - 24. Give y(-4).
6
Let z(p) = 2*p**2 - 2*p + 3. Let d = 70 - 65. Let x = -9 - -17. Suppose -d*k = -k - x. Calculate z(k).
7
Suppose 3*d + 3*x = -3, -2*x - 17 = -4*d + x. Let a be (1 - 11/d)*2. Let l(v) = v**2 + 9*v - 1. Determine l(a).
-1
Let z(l) = -76*l - 459. Let d be z(-6). Let u(c) = -3*c. Let g(t) = 4*t - 1. Let i(y) = 2*g(y) + 3*u(y). What is i(d)?
1
Let n = 1 + 3. Let r(v) = -2*v - 18. Let b be r(-10). Suppose -2 = -3*u - 4*j + 8, b*j = -2*u + n. Let c(t) = -t**3 - 3*t - 2. Calculate c(u).
12
Let q(f) = -3*f - 16. Let d(a) = -a - 8. Let o(v) = 5*d(v) - 2*q(v). Give o(4).
-4
Let j(o) = o**3 + 3*o**2 - 2*o + 5. Let m be (-7)/(-14)*(-1 + 11). Suppose 5 = -a, 0 = m*z + 4*a - 0*a + 40. Give j(z).
-3
Let k(w) = 4*w + 18. Suppose 0 = -3*l - x - 19, -2*x + 3*x = 3*l + 23. Determine k(l).
-10
Let o(a) be the second derivative of 2/15*a**5 + 9/2*a**2 - 1/120*a**6 - 1/4*a**4 + 3*a + 0 - 1/2*a**3. Let k(y) be the first derivative of o(y). Give k(7).
4
Let p = 11 - 9. Let t(y) = 6*y - 7*y**2 - 2 + 2*y + p*y**2 - 7*y. Give t(2).
-20
Let j(n) be the first derivative of 3*n**2 + 6*n + 9. Let f(r) = -r - 1. Let b(d) = 11*f(d) + 2*j(d). Let o be -1*(1 - 2)*5. What is b(o)?
6
Let g(f) be the third derivative of -f**4/24 + 2*f**3/3 + 206*f**2. Suppose 0*d = -d - 3*i + 15, -5*d + 53 = 4*i. Calculate g(d).
-5
Let r(q) be the second derivative of -23*q**3/6 + 2*q + 71. What is r(-1)?
23
Let b be (-2 - 74/6)/(8/96). Let j = 161 + b. Let d(c) = -c**3 - 12*c**2 - 11*c - 6. Calculate d(j).
-6
Let q(p) = 11*p**3 - 6*p**2 - 4*p + 4. Let u(h) = -20*h**3 + 10*h**2 + 7*h - 6. Let x(d) = -5*q(d) - 3*u(d). Calculate x(2).
36
Suppose -3*n + 46 = -5*n - 2*t, 2*t = n + 17. Let s = 19 + n. Let j(l) = 9*l + 1. What is j(s)?
-17
Let o(y) = 2*y**2 - 3*y + 3. Suppose 784*x - 777*x - 14 = 0. Determine o(x).
5
Let w(x) = -x**2 - 3*x + 7. Let i = -135 - -127. What is w(i)?
-33
Let s(d) = -4*d - 8. Let z(i) = -4*i - 9. Let r(j) = 5*s(j) - 4*z(j). Calculate r(3).
-16
Let j(k) = k + 2394 + 2*k - 2390 + 2*k - 3*k. Give j(-11).
-18
Let o(b) be the second derivative of b**4/12 + b**3/2 + b**2/2 + b + 39. Determine o(-5).
11
Let f be ((-4)/(-16))/((-1)/(-12)). Let p(m) = 7*m + 3. Let l(a) = -4*a - 1. Let d(x) = f*p(x) + 5*l(x). Calculate d(3).
7
Suppose -u = -5*c + 23, -5*c + 27 = 3*u - 4. Let d(q) be the third derivative of 0 - 1/6*q**4 - 2/3*q**3 + 1/60*q**5 + 0*q - 38*q**2. What is d(c)?
1
Let j(t) = t**2 + 5*t + 5. Let m be j(0). Let n = m - 0. Let w(k) = -2*k - 5. Determine w(n).
-15
Let p(l) = -l**2 - 10*l**3 - 2*l + 0*l**2 - 1 - l**2. Let a = -344 + 343. Give p(a).
9
Let o(q) = 19 + 2*q + 16 + 0*q - 42. Determine o(-6).
-19
Let c(x) be the third derivative of -x**4/8 + x**3/6 + x**2. Let r be 1017/(-18) + 6/4. Let b = 56 + r. Calculate c(b).
-2
Suppose -3*c - 5*j + 169 + 0 = 0, 3*j = 4*c - 177. Let m = -52 + c. Let d(f) = 4*f + 2. Give d(m).
-14
Let u(x) = x**2 + 3*x - 3. Let w(y) = -y. Let d(g) = -u(g) - 5*w(g). Let n(k) = 2*k**2 - k - 2. Let s(a) = 3*d(a) + 4*n(a). Calculate s(-1).
4
Suppose -6*t + 5 = -t. Let n(o) = 0 + 2*o + 6*o**3 - 5456*o**2 + 5455*o**2 - 1. What is n(t)?
6
Let w(k) be the third derivative of -k**6/120 - k**5/10 + 7*k**4/24 - 3*k**3/2 + 4*k**2. Let x(r) = r**3 - 7*r**2 - 80*r - 19. Let z be x(-6). Calculate w(z).
-9
Let y(u) be the first derivative of 0*u + 0*u**2 - 4 + 3*u**4 - 1/3*u**3. Give y(-1).
-13
Let n(b) = 10*b**2 + b - 5. Let g(t) = -11*t**2 - t + 6. Let q(d) = -5*g(d) - 6*n(d). Let s = -8397 - -8396. Determine q(s).
-4
Let b be (-4 - (-4 + 1))*(3 - 5). Let u(x) = 2*x - 3. What is u(b)?
1
Let m(t) = 7*t + 10 - 4*t - 6*t. Let x be m(3). Let c(b) = -9*b**2 + 1. Give c(x).
-8
Let i = 570 + -564. Let z(n) = -n**2 + 7*n - 10. Determine z(i).
-4
Let g(r) = -r**2 - 6*r - 14. Suppose 0 = 2*p + 3*y + 8, -3*p + 4*y + 4 = 16. What is g(p)?
-6
Let m(r) = 3*r + 22. Let c(w) = 82*w - 172. Let l be c(2). Calculate m(l).
-2
Let g(i) = 13 + 15 + 11 - 60 + 15 - 2*i**2 + 10*i. What is g(5)?
-6
Let y(d) be the second derivative of 1/3*d**3 - 1/2*d**2 + 0 - 22*d. Let u(v) = -2*v - 8. Let n be u(-6). Give y(n).
7
Let d(y) = 26*y - 2 + 16*y - 43*y. Let a be (-60)/14 - 4/(-14). Calculate d(a).
2
Let b(n) = -2*n**3 - 7*n**2 + 3*n**3 - 3*n - 2*n**3 + 6 - 3 + 9*n. Determine b(-8).
19
Let x be -4*1/2 + 2. Let l be ((-33)/6 - -4)*-2. Let h(b) = -1 + l*b + x*b + b - b. Calculate h(2).
5
Let l(p) = -p**2 + 25*p - 11*p + 2*p**2 - 7. What is l(-15)?
8
Let q(i) = i**2 + 13*i + 37. Let n be (-13)/26 + (-102)/12. Calculate q(n).
1
Let b(g) = -2*g**2 + 5*g - 2. Let l be b(2). Let y(h) = 6*h - 10*h**2 + 6 + 5*h**2 + l*h**2 + 6*h**2. Determine y(-6).
6
Let p(d) = -d**3 + 5*d**2 - 5*d + 1. Suppose 2*q - 3*k = -q, 0 = 5*q + 3*k - 32. Give p(q).
-3
Let o(z) = z**3 - 8*z**2 + 10*z - 26. Let x be o(8). Let q = 48 - x. Let y(k) = k**3 + 6*k**2 - 2*k + 6. Determine y(q).
18
Let y(i) = -i**2 + 7*i + 5. Let d = 25 + -18. Let m be y(d). Let x(n) = -n - 1. Let l(k) = 5*k + 11. Let h(p) = -l(p) - 6*x(p). What is h(m)?
0
Let x(z) = -z + 1. Let u be x(1). Suppose -g = 5*a + 22, -3*g + u*g = -9. Let f(l) = 0 - 7 - l + 2 + 3. What is f(a)?
3
Suppose 0 = -4*r - 4*m - 12, r = 5*m + 11 + 16. Let t(p) = 36*p**3 + 2*p**r + 4*p**2 - 35*p**3 + p**2 + 5*p. What is t(-6)?
6
Let n(f) = f**2 - f**3 + 0*f**2 - 7*f**2 - 5 - 7*f. Let a(i) = -i + 10. Let y be a(16). Let r be ((-10)/15)/(y/(-45)). Calculate n(r).
5
Let z(m) = -12*m + 267. Let f be z(22). Let a(c) = -2*c - 6. Calculate a(f).
-12
Let j(v) = v + 4. Let z(p) = -4*p - 12. Let y be -2 + -7 - 13/(-13). Let s(d) = y*j(d) - 3*z(d). Let l = 4 - 7. Calculate s(l).
-8
Let s(j) = -4*j**2 - 3*j + 9. Let g = -10 + 8. Let o(r) = -3*r**2 - 4*r + 8. Let h(v) = g*s(v) + 3*o(v). Give h(-5).
11
Suppose 4*i = -6*i + 20. Let t(u) = -5*u**2 + 5*u**2 - 16 - 2*u**i + u**2 - u. What is t(0)?
-16
Let a(k) = 5*k - 87 - k**2 - 7*k - 3*k + 59 - 7*k. Calculate a(-4).
4
Let o be 10 + 77/(-22) + 3. Let l(w) be the first derivative of -2 + o*w**2 + w. Calculate l(1).
20
Let u = 48 - 34. Let o = -10 + u. Suppose -6*m = -o*m - 12. Let w(t) = t**2 - 6*t - 8. Determine w(m).
-8
Let y(n) = n**2 - 5*n - 8. Let t be y(6). Let z(m) = -m**3 + 19*m**2 - m + 21. Let c be z(19). Let s(b) = b - 2 - b**3 + b**c - 3*b**2 + 0*b. Give s(t).
-4
Let b = 21 - 19. Let o(q) = -45 + 29 - 2*q**3 - q**b + q**3 - q + 23. Calculate o(0).
7
Let l(f) = 0 + 2 - 3 + f**2 + 2*f**3 + 0*f**2. What is l(2)